uppose -5*n = -4*v + 36, 0*n + n + 8 = v. Let c be g(n). Calculate the greatest common divisor of c and 80.
10
Let v be 254*(3 - 21/6). Let u = 226 + v. Calculate the greatest common divisor of u and 9.
9
Let w = 152 + -108. Calculate the greatest common factor of w and 4.
4
Let f = -2 - -8. Let z = 4 - f. Let i be ((-9)/z)/((-1)/(-18)). Calculate the highest common factor of i and 9.
9
Let o(j) = -6*j - 18. Let g be o(-5). Calculate the greatest common divisor of g and 12.
12
Let n(k) be the first derivative of -9*k**2/2 - 1. Let q be n(-3). Calculate the greatest common divisor of q and 3.
3
Suppose 0 = z - 8 - 27. Calculate the greatest common divisor of z and 315.
35
Let x = 7 - 7. Let a be (x + -4)/(1 + -3). Suppose 0 = -2*t + 6*t - 4, a*s + 2*t - 24 = 0. What is the greatest common factor of 44 and s?
11
Suppose -a = 2*a + 3. Let w be 37 + a + -3 - -2. Calculate the highest common factor of w and 14.
7
Suppose -11 - 7 = -2*f. What is the highest common factor of 9 and f?
9
Suppose 0 = 5*x - 9*p + 5*p - 50, 5*x = 2*p + 50. What is the greatest common factor of 170 and x?
10
Suppose 0 = 2*p - 4*n + n - 58, 2*p = -4*n + 44. Let g = -53 + 100. Suppose 3*y - 125 = 2*i, 0*i - 2*i - g = -y. What is the highest common divisor of p and y?
13
Let c be 1/(5/(-75)*-5). Calculate the highest common divisor of 27 and c.
3
Let f be 72/10*75/6. Let w(m) = -8*m + 2. Let l be w(-2). Calculate the greatest common factor of f and l.
18
Let p be (12/15)/((-3)/(-180)). Suppose -4*a = 8 - p. Calculate the highest common divisor of a and 2.
2
Let a be 14/49 - (-222)/7. Calculate the greatest common factor of a and 32.
32
Let k be -1 + 2 + 231 - 1. Suppose 0*h - 5*i = 2*h - 14, 0 = 5*h - 2*i - 6. Suppose -h*v - 2*v + 84 = 0. What is the highest common divisor of k and v?
21
Let q be 6/10 + 97/5. Let w be 10 + 2 - 2/1. What is the greatest common factor of q and w?
10
Suppose 0 = -0*d - d + 2. What is the greatest common divisor of 14 and d?
2
Suppose -a + 2*f - 2 = 0, 16 = 4*a + f - 12. What is the greatest common factor of a and 15?
3
Suppose -7*p + 95 = -2*p - 2*w, -71 = -3*p + 4*w. Let y(q) = q**3 + 3*q**2 - 4*q + 7. Let u be y(5). What is the highest common divisor of p and u?
17
Let x be (-6 - -7)/((-2)/(-12)). Calculate the greatest common divisor of 66 and x.
6
Let a = 32 - 74. Let l be 12/a + 60/14. What is the highest common divisor of 8 and l?
4
Suppose -2*q + 10 = j, 5 + 1 = -5*j + 4*q. Let y be (-136)/(-10) + (-4)/(-10). Calculate the highest common divisor of y and j.
2
Suppose 30 = -r + 33. Let f be r + (0 + -2 - -32). Calculate the greatest common divisor of f and 22.
11
Let j = 325 + -204. Suppose -2*g + 13 = 3*b, -2*g + 56 = 2*g - 4*b. What is the highest common factor of g and j?
11
Let n = -4 + 13. Suppose 0 = -3*z - 4*t + 484, -t - 153 = -z + 6. Suppose 2*w - z = 4*j - 2*j, -2*w + 167 = 5*j. What is the greatest common factor of w and n?
9
Let i(m) = -m**2 + 13*m - 23. Let w be i(10). Calculate the highest common divisor of w and 7.
7
Let g(h) = 13*h**2 - 1. Let q be g(1). Let o(l) = l**3 + 2*l**2 - 5*l + 12. Let f be o(2). Calculate the highest common divisor of f and q.
6
Suppose 0 = -2*z - z + 18. Let r be 8/(-3)*z/(-4). Calculate the highest common factor of 12 and r.
4
Suppose -5*p = 4*h - 138, -5*h + 21 = 2*p - 24. Let x be 1/3 - (-35)/3. What is the greatest common factor of p and x?
6
Let g(x) = -x**3 - 2*x**2 - 1. Let n be g(-3). Suppose 2*h + 3 = -5*d, -d - 4 = -3*h - 0*d. What is the highest common factor of h and n?
1
Let p be (-1 + 10)*(4 + -1). Suppose -4*j + 354 = -2*s, -j = j + 4*s - 192. Suppose -8*o + 3*o + j = 0. Calculate the greatest common factor of p and o.
9
Suppose 2*u + 20 = 3*c - 36, 80 = 4*c - 4*u. What is the greatest common divisor of 80 and c?
16
Suppose -556 = -9*a + 5*a. Suppose -3*f - 655 = -5*r - 8*f, -a = -r + 3*f. What is the highest common divisor of r and 19?
19
Suppose 0 = 4*p + 26 - 10. Let n(z) = -z**3 + 2*z**2 - 7*z - 5. Let f be n(p). Let w = 35 - 18. Calculate the highest common factor of w and f.
17
Let a be -5*(-2)/8*48. Calculate the highest common factor of 20 and a.
20
Let x(r) = -r**2 + 26. Let m(i) = i**3 + 6*i**2 - 7*i. Let k be m(-7). Let c be x(k). Calculate the greatest common factor of 13 and c.
13
Let d = -158 - -238. Calculate the highest common factor of d and 30.
10
Let i(p) = 21*p - 4. Let m be i(2). What is the greatest common factor of 57 and m?
19
Suppose 4*f + 4*a - 20 = 3*f, -2*a + 10 = -4*f. Suppose 4*b + 3*y - 19 = 0, -2*b + f*y = 3*y - 17. Calculate the highest common factor of b and 7.
1
Let t be ((-2)/4)/(3/(-324)). Suppose 2*h - 90 = t. Let r = 128 - h. Calculate the highest common divisor of r and 14.
14
Let n(z) = z**2 + z. Let p be n(1). What is the greatest common divisor of 22 and p?
2
Let q = 35 - 7. What is the greatest common divisor of 112 and q?
28
Let a = -10 + 30. Suppose 5*o - 5 - a = 0, 4*l - o = 119. Calculate the greatest common divisor of 186 and l.
31
Suppose 4*b - 18 = -114. Let c be 1 + 0 + (-10 - b). Let n(s) = s - 2. Let h be n(5). What is the highest common divisor of c and h?
3
Suppose 0 = -10*c + 7*c + 69. Calculate the greatest common factor of 23 and c.
23
Let t = 0 - -25. Suppose 0 = 3*c + 3*l - 678, -c - 229 = -2*c - 4*l. Calculate the highest common divisor of t and c.
25
Let r(d) = d - 12. Let h be r(0). Let m = -3 - h. What is the highest common divisor of m and 9?
9
Suppose 0*x - 10 = -5*x. Suppose -x*b + 22 = -2*m + 3*m, -3*b + 4*m = -44. Let j be (-11 - -3)/((-8)/b). Calculate the highest common factor of 36 and j.
12
Suppose 5*q + 0*q = 20. Suppose 4*h - 5*w = -h + 75, 4*h = 3*w + 65. Calculate the highest common factor of h and q.
4
Let h = 0 - -6. Let x(d) = d**3 - 5*d**2 - 5*d - 6. Let r be x(h). Let a be 0 - (r/(-3) + -9). What is the highest common factor of a and 36?
9
Let a be 4/(-10) + 60/25. Suppose i - 168 = -a*i. What is the greatest common divisor of i and 7?
7
Let g(p) be the first derivative of p**4/2 - 8*p**3/3 + 5*p**2/2 + 6*p + 3. Let i be g(6). Let d = i - 110. Calculate the highest common factor of 10 and d.
10
Let d be 65/(-2)*(-26)/65. What is the greatest common divisor of 2 and d?
1
Let i = 19 - 14. What is the greatest common factor of i and 15?
5
Let y be 2 + -7*(1 - 2). Suppose -d + 3*d = 36. What is the greatest common divisor of y and d?
9
Suppose -5*i + 52 = 3*f, -i - 13 - 15 = -f. Let d be f/1 - (13 - 10). What is the greatest common factor of d and 105?
21
Let r be 9/(-3) + 22/2. What is the greatest common divisor of 72 and r?
8
Suppose -15 = -u - 2*u. Let l be u*(-2 - -4 - 1). Suppose -s = -3*s - 4, 0 = 3*f + 2*s - l. What is the greatest common factor of f and 21?
3
Suppose 0 = -3*d + d - 12. Let j(b) = b**2 + 4*b + 8. Let t be j(d). Calculate the greatest common factor of 8 and t.
4
Suppose 3*n - 7 = -1. Suppose n*j + 17 - 76 = b, -5*j + 2*b = -145. What is the highest common divisor of j and 3?
3
Let b(a) = a**3 + 5*a**2 - 7*a - 3. Let f be b(-6). Let o be 1*f/(-6)*-34. What is the highest common divisor of o and 17?
17
Let x be 5/(-15) - 122/(-6). Suppose v - 5*v - 3*i = -x, 0 = 4*v + 2*i - 16. Calculate the highest common divisor of v and 1.
1
Suppose 0*s = 4*s - 372. Let n = s - -6. Suppose -2*z + o + 34 = 4*o, -o = -z + 7. Calculate the greatest common divisor of n and z.
11
Let d be (50/(-15) - (-8)/(-12)) + 121. What is the highest common divisor of d and 13?
13
Let y(q) = q**3 + 3*q**2 - 6*q - 5. Let b be y(-4). Let l = -37 + 70. What is the highest common factor of l and b?
3
Let z = 17 - 15. Let k be (1/z)/((-6)/(-576)). Calculate the highest common divisor of k and 12.
12
Let l be ((-15)/4)/(48/(-128)). What is the highest common factor of 30 and l?
10
Suppose 6*y - 2*y = 3*w + 3, 0 = 5*y - 5*w - 5. Suppose -5*j + 801 = -3*a - 137, a + 1 = y. What is the highest common factor of j and 17?
17
Let f = -184 + 265. Suppose 3*l - f - 81 = 0. Let y(h) = -4*h - 12. Let x be y(-12). Calculate the greatest common divisor of x and l.
18
Let o(k) = k**3 + 7*k**2 + 7*k + 4. Let i be o(-4). Let d be ((-2)/(4/(-58)))/1. Suppose -3*m = d - 137. Calculate the greatest common divisor of m and i.
12
Let z be 0/(-5 - (-4 + 0)). Let o(n) = n**3 - n**2 + n + 3. Let u be o(z). Calculate the greatest common 